{"id":955,"date":"2024-02-07T09:59:03","date_gmt":"2024-02-07T08:59:03","guid":{"rendered":"https:\/\/east-aesthetics.de\/?page_id=955"},"modified":"2024-11-26T21:54:15","modified_gmt":"2024-11-26T20:54:15","slug":"consulta-capilar","status":"publish","type":"page","link":"https:\/\/east-aesthetics.de\/es\/estetica\/consulta-capilar\/","title":{"rendered":"Consulta capilar"},"content":{"rendered":"<p style=\"font-weight: 400;\">En nuestra sociedad, un cabello fuerte y saludable es clave para un aspecto visualmente atractivo. Sin embargo, muchas personas padecen ca\u00edda del cabello (alopecia), lo que puede generar un estr\u00e9s psicol\u00f3gico significativo. Las causas del debilitamiento del cabello, las \u00e1reas calvas o incluso la p\u00e9rdida total son muy variadas e incluyen el estr\u00e9s, desequilibrios hormonales, predisposici\u00f3n gen\u00e9tica o deficiencias nutricionales. La ca\u00edda del cabello puede afectar tanto a hombres como a mujeres de todas las edades.<\/p>\n<p style=\"font-weight: 400;\">No obstante, no tienes que resignarte a una p\u00e9rdida significativa de cabello. Hoy en d\u00eda existen formas suaves y efectivas para tratar la ca\u00edda del cabello de manera espec\u00edfica. Dado que este problema es altamente individual y complejo, en east AESTHETICS ofrecemos consultas capilares completas en Fr\u00e1ncfort. Durante estas consultas, investigamos sistem\u00e1ticamente las causas de la ca\u00edda del cabello utilizando los m\u00e9todos de an\u00e1lisis m\u00e1s avanzados tecnol\u00f3gicamente. Bas\u00e1ndonos en un diagn\u00f3stico confiable, trabajamos contigo para desarrollar un plan de tratamiento personalizado que detenga la ca\u00edda y estimule el crecimiento capilar.<\/p>\n<div><span lang=\"EN-US\">En lugar de optar por trasplantes capilares, en east AESTHETICS nos enfocamos en m\u00e9todos de tratamiento suaves, como<\/span> <a href=\"\/es\/tratamiento\/levantamiento-vampiro\/\">la terapia de sangre aut\u00f3loga<\/a>\u00a0<span style=\"font-family: var(--bs-body-font-family); font-size: var(--bs-body-font-size); text-align: var(--bs-body-text-align);\">y la mesoterapia, en Fr\u00e1ncfort.<\/span><br \/>\n.<\/div>\n","protected":false},"excerpt":{"rendered":"<p>En nuestra sociedad, un cabello fuerte y saludable es clave para un aspecto visualmente atractivo. Sin embargo, muchas personas padecen [&#8230;]<\/p>\n<p><a class=\"btn btn-secondary understrap-read-more-link\" href=\"https:\/\/east-aesthetics.de\/es\/estetica\/consulta-capilar\/\">Leer m\u00e1s&#8230;<span class=\"screen-reader-text\"> from Consulta capilar<\/span><\/a><\/p>\n","protected":false},"author":6,"featured_media":757,"parent":975,"menu_order":10,"comment_status":"closed","ping_status":"closed","template":"","meta":{"_acf_changed":false,"footnotes":""},"acf":[],"yoast_head":"<!-- This site is optimized with the Yoast SEO plugin v23.5 - https:\/\/yoast.com\/wordpress\/plugins\/seo\/ -->\n<title>Consulta capilar - east AESTHETICS<\/title>\n<meta name=\"robots\" content=\"index, follow, max-snippet:-1, max-image-preview:large, max-video-preview:-1\" \/>\n<link rel=\"canonical\" href=\"https:\/\/east-aesthetics.de\/es\/estetica\/consulta-capilar\/\" \/>\n<meta property=\"og:locale\" content=\"es_ES\" \/>\n<meta property=\"og:type\" content=\"article\" \/>\n<meta property=\"og:title\" content=\"Consulta capilar - east AESTHETICS\" \/>\n<meta property=\"og:description\" content=\"En nuestra sociedad, un cabello fuerte y saludable es clave para un aspecto visualmente atractivo. Sin embargo, muchas personas padecen [...]Leer m\u00e1s... from Consulta capilar\" \/>\n<meta property=\"og:url\" content=\"https:\/\/east-aesthetics.de\/es\/estetica\/consulta-capilar\/\" \/>\n<meta property=\"og:site_name\" content=\"east AESTHETICS\" \/>\n<meta property=\"article:publisher\" content=\"https:\/\/www.facebook.com\/profile.php?id=61552744688930\" \/>\n<meta property=\"article:modified_time\" content=\"2024-11-26T20:54:15+00:00\" \/>\n<meta property=\"og:image\" content=\"https:\/\/east-aesthetics.de\/wp-content\/uploads\/AND9270-3500.jpg\" \/>\n\t<meta property=\"og:image:width\" content=\"2000\" \/>\n\t<meta property=\"og:image:height\" content=\"1333\" \/>\n\t<meta property=\"og:image:type\" content=\"image\/jpeg\" \/>\n<meta name=\"twitter:card\" content=\"summary_large_image\" \/>\n<meta name=\"twitter:label1\" content=\"Tiempo de lectura\" \/>\n\t<meta name=\"twitter:data1\" content=\"2 minutos\" \/>\n<!-- \/ Yoast SEO plugin. -->","yoast_head_json":{"title":"Consulta capilar - east AESTHETICS","robots":{"index":"index","follow":"follow","max-snippet":"max-snippet:-1","max-image-preview":"max-image-preview:large","max-video-preview":"max-video-preview:-1"},"canonical":"https:\/\/east-aesthetics.de\/es\/estetica\/consulta-capilar\/","og_locale":"es_ES","og_type":"article","og_title":"Consulta capilar - east AESTHETICS","og_description":"En nuestra sociedad, un cabello fuerte y saludable es clave para un aspecto visualmente atractivo. Sin embargo, muchas personas padecen [...]Leer m\u00e1s... from Consulta capilar","og_url":"https:\/\/east-aesthetics.de\/es\/estetica\/consulta-capilar\/","og_site_name":"east AESTHETICS","article_publisher":"https:\/\/www.facebook.com\/profile.php?id=61552744688930","article_modified_time":"2024-11-26T20:54:15+00:00","og_image":[{"width":2000,"height":1333,"url":"https:\/\/east-aesthetics.de\/wp-content\/uploads\/AND9270-3500.jpg","type":"image\/jpeg"}],"twitter_card":"summary_large_image","twitter_misc":{"Tiempo de lectura":"2 minutos"},"schema":{"@context":"https:\/\/schema.org","@graph":[]}},"_links":{"self":[{"href":"https:\/\/east-aesthetics.de\/es\/wp-json\/wp\/v2\/pages\/955"}],"collection":[{"href":"https:\/\/east-aesthetics.de\/es\/wp-json\/wp\/v2\/pages"}],"about":[{"href":"https:\/\/east-aesthetics.de\/es\/wp-json\/wp\/v2\/types\/page"}],"author":[{"embeddable":true,"href":"https:\/\/east-aesthetics.de\/es\/wp-json\/wp\/v2\/users\/6"}],"replies":[{"embeddable":true,"href":"https:\/\/east-aesthetics.de\/es\/wp-json\/wp\/v2\/comments?post=955"}],"version-history":[{"count":3,"href":"https:\/\/east-aesthetics.de\/es\/wp-json\/wp\/v2\/pages\/955\/revisions"}],"predecessor-version":[{"id":1136,"href":"https:\/\/east-aesthetics.de\/es\/wp-json\/wp\/v2\/pages\/955\/revisions\/1136"}],"up":[{"embeddable":true,"href":"https:\/\/east-aesthetics.de\/es\/wp-json\/wp\/v2\/pages\/975"}],"wp:featuredmedia":[{"embeddable":true,"href":"https:\/\/east-aesthetics.de\/es\/wp-json\/wp\/v2\/media\/757"}],"wp:attachment":[{"href":"https:\/\/east-aesthetics.de\/es\/wp-json\/wp\/v2\/media?parent=955"}],"curies":[{"name":"wp","href":"https:\/\/api.w.org\/{rel}","templated":true}]}}

<p style="font-weight: 400;">En nuestra sociedad, un cabello fuerte y saludable es clave para un aspecto visualmente atractivo. Sin embargo, muchas personas padecen caída del cabello (alopecia), lo que puede generar un estrés psicológico significativo. Las causas del debilitamiento del cabello, las áreas calvas o incluso la pérdida total son muy variadas e incluyen el estrés, desequilibrios hormonales, predisposición genética o deficiencias nutricionales. La caída del cabello puede afectar tanto a hombres como a mujeres de todas las edades.</p>
<p style="font-weight: 400;">No obstante, no tienes que resignarte a una pérdida significativa de cabello. Hoy en día existen formas suaves y efectivas para tratar la caída del cabello de manera específica. Dado que este problema es altamente individual y complejo, en east AESTHETICS ofrecemos consultas capilares completas en Fráncfort. Durante estas consultas, investigamos sistemáticamente las causas de la caída del cabello utilizando los métodos de análisis más avanzados tecnológicamente. Basándonos en un diagnóstico confiable, trabajamos contigo para desarrollar un plan de tratamiento personalizado que detenga la caída y estimule el crecimiento capilar.</p>
<div><span lang="EN-US">En lugar de optar por trasplantes capilares, en east AESTHETICS nos enfocamos en métodos de tratamiento suaves, como</span> <a href="/es/tratamiento/levantamiento-vampiro/">la terapia de sangre autóloga</a> <span style="font-family: var(--bs-body-font-family); font-size: var(--bs-body-font-size); text-align: var(--bs-body-text-align);">y la mesoterapia, en Fráncfort.</span><br />
.</div>

<p>En nuestra sociedad, un cabello fuerte y saludable es clave para un aspecto visualmente atractivo. Sin embargo, muchas personas padecen [&#8230;]</p>
<p><a class="btn btn-secondary understrap-read-more-link" href="https://east-aesthetics.de/es/estetica/consulta-capilar/">Leer más&#8230;<span class="screen-reader-text"> from Consulta capilar</span></a></p>

<!-- This site is optimized with the Yoast SEO plugin v23.5 - https://yoast.com/wordpress/plugins/seo/ -->
<title>Consulta capilar - east AESTHETICS</title>
<meta name="robots" content="index, follow, max-snippet:-1, max-image-preview:large, max-video-preview:-1" />
<link rel="canonical" href="https://east-aesthetics.de/es/estetica/consulta-capilar/" />
<meta property="og:locale" content="es_ES" />
<meta property="og:type" content="article" />
<meta property="og:title" content="Consulta capilar - east AESTHETICS" />
<meta property="og:description" content="En nuestra sociedad, un cabello fuerte y saludable es clave para un aspecto visualmente atractivo. Sin embargo, muchas personas padecen [...]Leer más... from Consulta capilar" />
<meta property="og:url" content="https://east-aesthetics.de/es/estetica/consulta-capilar/" />
<meta property="og:site_name" content="east AESTHETICS" />
<meta property="article:publisher" content="https://www.facebook.com/profile.php?id=61552744688930" />
<meta property="article:modified_time" content="2024-11-26T20:54:15+00:00" />
<meta property="og:image" content="https://east-aesthetics.de/wp-content/uploads/AND9270-3500.jpg" />
	<meta property="og:image:width" content="2000" />
	<meta property="og:image:height" content="1333" />
	<meta property="og:image:type" content="image/jpeg" />
<meta name="twitter:card" content="summary_large_image" />
<meta name="twitter:label1" content="Tiempo de lectura" />
	<meta name="twitter:data1" content="2 minutos" />
<!-- / Yoast SEO plugin. -->

En nuestra sociedad, un cabello fuerte y saludable es clave para un aspecto visualmente atractivo. Sin embargo, muchas personas padecen [...]Leer más... from Consulta capilar
